+ 2*z + 3*i - 2806 = 0, -4*z - y*i = -5618. List the prime factors of z.
2, 19, 37
Let d(v) be the first derivative of -v**4/4 - 4*v**3/3 - 2*v**2 - v + 7. Let g be d(-3). Suppose -s + 98 = 2*f, g*f = -0 - 8. List the prime factors of s.
2, 53
Suppose 0 = -3*d + 32*d - 928. Suppose -709 = -2*g + t - 6*t, -2*t - 6 = 0. Suppose 0 = -5*h + g - d. What are the prime factors of h?
2, 3, 11
What are the prime factors of -1823*((-21)/(-28))/(8/(-96))?
3, 1823
Let d = 979 + -584. Suppose s = -1, -3*y = -2*s - d - 402. Suppose 0*l + 536 = 4*u + 4*l, y = 2*u + 3*l. List the prime factors of u.
137
Let l = 678 + 217. Let c = l - 475. What are the prime factors of c?
2, 3, 5, 7
Suppose -s + 5*s - 1874 = -5*j, 8 = -4*j. What are the prime factors of ((-32)/(-6) - (-5 - -9))*s?
2, 157
Let o(i) = 28*i + 54. Let c be o(6). Suppose -3*z + c = -4*u, 4*z - 16*u + 15*u = 296. List the prime factors of z.
2, 37
Let f(t) = 4*t**3 - 18*t - 5. Let v(h) = -9*h**3 + 37*h + 11. Let n(p) = 7*f(p) + 3*v(p). List the prime factors of n(10).
2, 53
What are the prime factors of ((-2506)/56)/((-6)/600)?
5, 179
Let q = 1069 - -163. Suppose 3*c - x = q, 2*c - 3*x = -2*x + 823. List the prime factors of c.
409
Let t(o) = -o + 19. Let x be t(13). What are the prime factors of (-9)/((-18)/x) - -382?
5, 7, 11
Suppose 5*f + 3*v - 1924 = 2*v, -4*f + 1532 = -v. List the prime factors of (-30)/6 + f/4.
7, 13
Suppose 30*q + 35*q + 56*q - 2023120 = 0. What are the prime factors of q?
2, 5, 11, 19
Let j be (5/(9 + 6))/(1/24). Suppose -j - 257 = -5*t. Suppose -199 = -3*c + t. List the prime factors of c.
2, 3, 7
Suppose -5*o - 3*x = -28220, -2132 = -4*o + 5*x + 20481. What are the prime factors of o?
5647
List the prime factors of 15196/50 - (-186)/2325.
2, 19
Suppose s = 5*i - 18, -5*s + s = 3*i + 3. Suppose -i*m - 5*t - 294 = 0, -3*t - 194 = 2*m + t. Let c = m + 200. List the prime factors of c.
97
Let u be 3123 + (8/(-2) - -4)*-1. Suppose 4*t = -5*t + u. List the prime factors of t.
347
Suppose 0*v - 1700 = -4*c + 2*v, 5*c - 4*v - 2128 = 0. Let j = 629 - c. List the prime factors of j.
5, 41
Let i(h) = -79*h - 5. Let f be i(1). Let t = 94 + f. List the prime factors of (4/t)/(14/3430).
2, 7
Suppose 21*w - 29760 = -27*w. Let m = 1548 - w. List the prime factors of m.
2, 29
Let l(i) = 4523*i - 8304. What are the prime factors of l(8)?
2, 5, 17, 41
Let a = -3296 + 9576. List the prime factors of (-4)/2*a/(-8).
2, 5, 157
Suppose -5*m + 8*m - y = 286669, 5*m + 4*y = 477759. List the prime factors of m/58*4/10.
659
Suppose 6*j + 31*j = -3*j + 1205520. What are the prime factors of j?
2, 3, 5023
Let r(g) = 57*g**3 - 28*g**2 + 116*g + 56. List the prime factors of r(7).
3, 7, 907
Let u be (4 - 148/16)/(1/(-4)). Suppose 0*b = -7*b + u. Suppose 34 - 10 = b*x. List the prime factors of x.
2
Let y(n) = 12*n**2 + 141*n - 107. What are the prime factors of y(-21)?
2, 139
Let d(h) = -131*h + 35. Let g be d(5). List the prime factors of (1 + -2 - -4)/((-30)/g).
2, 31
What are the prime factors of (-14)/49 + 3/(21/33616)?
2, 7
Suppose 11*k - 96 = 36. Let o be (12/(-10))/(k/(-40)). Suppose 5*m + 2*v - 66 = 357, 2*v = o*m - 324. What are the prime factors of m?
83
Suppose 9*a = -572 - 625. Let r = a + 213. Suppose -4*w + r = -704. List the prime factors of w.
2, 7
Let s = 21856 + -15361. What are the prime factors of s?
3, 5, 433
Let c(s) = 12*s**3 - 5*s**2 + 21*s - 4. List the prime factors of c(8).
2, 3, 499
Let n(l) = -3329*l - 880. List the prime factors of n(-1).
31, 79
Let l(q) be the first derivative of 6*q + 4*q + 6*q**2 + 745 - 726. What are the prime factors of l(5)?
2, 5, 7
Let u(i) = -3*i**2 - 49*i - 27. Let o be u(-16). Let w(t) = -t**2 - 20*t + 6. What are the prime factors of w(o)?
3, 5, 7
Let s(c) = 10*c**2 + c + 7. Let v(f) = f**2 - 6. Let y be v(-4). Suppose 4*i - 5*a + 22 = 0, -2*i + 3*a - y = a. List the prime factors of s(i).
2, 47
List the prime factors of (-5311)/(-3) + (4/9)/(20/(-15)).
2, 3, 5, 59
Let q = -44 + 44. Suppose -2*y + 116 = -4*h + 10, y - 3*h - 56 = q. List the prime factors of y.
47
Let n(w) = 2*w**2 - 83*w - 4. What are the prime factors of n(83)?
3, 5, 17
Suppose 2*f + 6*f = 3*f. Suppose 3*g = 3*a + 1995, -a = -4*g - f*g + 2666. List the prime factors of g.
23, 29
Let z = 62739 + -32177. List the prime factors of z.
2, 7, 37, 59
Let v = 292 + -288. Suppose -v*b + 239 = 5*w - 2*w, -4*w - 4*b = -320. What are the prime factors of w?
3
Suppose -38096 + 376540 + 685867 = 107*g. List the prime factors of g.
3, 3191
Suppose 4*r - 138 - 242 = 0. Suppose r = 2*d - k - 825, d + 5*k - 449 = 0. What are the prime factors of d?
3, 17
Let c(i) = 271*i**3 - i**2 + 5*i - 3. Suppose 0 = -g - 3 + 4. List the prime factors of c(g).
2, 17
Suppose 5*p - 7 - 13 = 0, -r = -2*p + 509. Let l = r + 739. List the prime factors of l.
2, 7, 17
Let j(f) = -39*f - 112. Let t be j(-34). Suppose 3 = -0*w - w, -t = -5*y + 3*w. List the prime factors of y.
241
List the prime factors of (3 + (-80507)/(-9) - 1) + (-88)/396.
23, 389
Let x = 3354 + -46. Suppose -12*h - x = -9920. List the prime factors of h.
19, 29
Suppose 6*v + 214 = 214. List the prime factors of (-55)/(-15)*(v + -5 + 194).
3, 7, 11
Let x(g) = 351*g**3 + g**2 - 1. Let t be ((-6)/(-63)*3)/(34/119). List the prime factors of x(t).
3, 13
Suppose -2*b = 4*y - 24, 4*y = 2*y. Suppose -b = -3*m - m. Suppose -m*a + 230 = 77. What are the prime factors of a?
3, 17
Suppose -7*o - 2106 = 750. Let g(h) = h**2 - 7*h - 27. Let p be g(10). List the prime factors of o/(-21) - p/7.
19
Let u(v) = 10*v**2 - 38*v - 196. What are the prime factors of u(-22)?
2, 5, 137
Let u = -41 - -43. Suppose -1 - 19 = -3*c - 4*v, c - u*v = -10. Suppose 4*a - 3*s - 201 = c, 3*a - a - 2*s = 98. What are the prime factors of a?
2, 3
Let u be (5 - 5 - 31)/(-1). Suppose 17*m - u*m = -12922. List the prime factors of m.
13, 71
Let w be 2/(-10)*3*-40. Suppose -6199 = w*z - 17479. List the prime factors of z.
2, 5, 47
Let x(t) = t**3 + 4*t**2 - 8*t - 5. Let y be (-1)/(((-6)/20)/((-39)/26)). Let r be x(y). Suppose -4 = -2*a + r. List the prime factors of a.
7
Let q(f) = 10*f**2 + 4*f + 11. Let n be (0 - -1)*(-21 + 15). List the prime factors of q(n).
347
Suppose 2*k + y = 10, -4*k + 20 - 8 = 4*y. What are the prime factors of k + (-5 + 2 - -611)?
3, 5, 41
Let w = -3 + 7. Suppose 10*t + w*t - 8750 = 0. List the prime factors of t.
5
Let b(l) = 3*l. Let t be b(1). Suppose -4*d + 700 = t*r - 405, -8 = 4*d. List the prime factors of r.
7, 53
Let i(w) = -2*w - 24. Let r be i(-4). Let n be 4/r + (0 - (-17)/4). Suppose -7*p = -n*p - 168. What are the prime factors of p?
2, 7
Let u = 2110 + 4986. List the prime factors of u.
2, 887
Let y be (-2)/(-1 + -1)*(-4 + 65). Let o = y + -72. Let i = o + 16. What are the prime factors of i?
5
Suppose -20*n + 108 = 16*n. Suppose -6*f + n*f + 3147 = 0. List the prime factors of f.
1049
Let f = 144 - 139. Suppose -3*x + 872 = 2*n, -f*n - 8 = -13. What are the prime factors of x?
2, 5, 29
Let o be 3*(-20)/15 + -1 + 0. List the prime factors of (o + 29)/6 + (-518)/(-2).
263
Let g = -2 - 2. Let w be (-14)/g + 7/(-14). Suppose 4*i = 16, 129 + 42 = w*t - 3*i. List the prime factors of t.
61
Let v = -8432 - -14040. What are the prime factors of v?
2, 701
Suppose -35*h + 272607 = 90467. What are the prime factors of h?
2, 1301
Let w be (-160)/(-32) - (0 + (-3 - -2)). Let y(x) = 39*x**2 + 37*x - 202. What are the prime factors of y(w)?
2, 89
Let j(w) = -4*w**2 - 2*w - 4. Let a be j(-4). Let l be 260/(-1430) - (700/22 + 1). Let g = l - a. List the prime factors of g.
3
Let y = -4636 - -17225. List the prime factors of y.
12589
Let s(q) = -4*q**2 - 3*q + 102. Let o(w) = 4*w**2 + 2*w - 103. Let k be (-4)/4 - (-1 - -2). Let p(j) = k*s(j) - 3*o(j). List the prime factors of p(0).
3, 5, 7
Let d(g) = 12*g - 58. Let i be d(5). Suppose -2*f + 2473 - 754 = 5*o, -4*f = i*o - 3430. List the prime factors of f.
857
Suppose -3*h + 121 = 4*j, -93 = -0*j - 2*j + 5*h. Suppose 6*s - 14 - j = 0. List the prime factors of 3/4 - (-1674)/s.
2, 3, 5, 7
Let g = -81 - -85. Suppose 2*u = 5*r - 1066, r - 2228 = g*u - 78. What are the prime factors of (36/8 + -5)*u?
269
Let j be -15*4/(-6)*123/2. Suppose -3*o = -y - y - 1840, -j = -o - y. Suppose -4*n + 101 = 2*g - 385, 0 = -5*n